*2 - 6*a + 28. Determine t(-9).
1
Let b(z) = 210*z - 1047. Give b(5).
3
Let l(v) = v**3 - 10*v**2 - 19*v + 248. What is l(9)?
-4
Let m(y) = -263*y + 530. Calculate m(2).
4
Let o(i) = -145*i - 1445. Determine o(-10).
5
Let v(a) = -61*a**2 + 2*a + 2. What is v(-1)?
-61
Let m(t) = 4*t - 7. Calculate m(3).
5
Let x(y) = -y**2 - 22*y + 3. Give x(-24).
-45
Let p(m) = m**3 - 3*m**2 + m - 6. Give p(3).
-3
Let v(l) = l**2 - 6*l - 5. Determine v(-4).
35
Let f(v) = -2*v**3 - 13*v**2 - 3*v - 7. What is f(-6)?
-25
Let s(v) = v**2 + 13*v + 9. Calculate s(-11).
-13
Let x(b) = 19*b**2 + b - 1. What is x(2)?
77
Let y(h) = h**3 - 2*h - 3. Calculate y(-2).
-7
Let r(s) = -2*s - 5. Give r(-5).
5
Let n(m) = 2*m**2 - 29*m - 22. Determine n(15).
-7
Let l(s) = -3*s + 11. Calculate l(5).
-4
Let x(z) = 2*z + 14. Give x(-2).
10
Let s(j) = 5*j - 4. Give s(0).
-4
Let q(m) = -62*m**2 + 2*m + 1. Calculate q(-1).
-63
Let p(b) = -b**3 - 14*b**2 - 13*b + 12. Determine p(-13).
12
Let t(h) = -h**3 + 12*h**2 - 7*h - 38. Calculate t(11).
6
Let q(p) = -5*p - 8. Give q(-3).
7
Let s(t) = t**3 + 6*t**2 - 16*t + 10. Calculate s(-9).
-89
Let j(o) = o**3 - 19*o**2 + 6. What is j(19)?
6
Let l(i) = 7*i**2 + 20*i + 12. What is l(-2)?
0
Let s(t) = t**2 - 24*t + 93. What is s(17)?
-26
Let z(h) = -h**2 + 4*h + 9. Calculate z(6).
-3
Let z(r) = -r**3 + 22*r**2 - 40*r + 7. What is z(20)?
7
Let n(v) = v**3 + 32*v**2 - 34*v - 21. Give n(-33).
12
Let b(q) = 2*q**3 - 5*q**2 + 2*q - 1. Calculate b(3).
14
Let u(n) = n**2 + 2*n - 4. Give u(-5).
11
Let u(n) = n**3 - 6*n**2 + 8*n - 4. Calculate u(3).
-7
Let d(j) = -j + 26. What is d(-23)?
49
Let u(b) = -4*b - 43. Give u(-10).
-3
Let m(t) = -13*t + 81. Calculate m(13).
-88
Let i(h) = -21*h. Calculate i(3).
-63
Let d(x) = x**2 + 19*x + 13. Determine d(-17).
-21
Let u(a) = -a**2 + 5*a + 2. Determine u(6).
-4
Let r(w) = -8*w**2 + 86*w + 21. Determine r(11).
-1
Let c(m) = -m**2 + 16*m + 13. Calculate c(17).
-4
Let b(q) = -q**3 + 2*q**2 - 4*q + 1. Determine b(4).
-47
Let d(f) = -f**2 - 13*f + 5. Determine d(-13).
5
Let u(g) = 2*g - 3. Give u(-8).
-19
Let z(o) = 6*o + 12. Determine z(-2).
0
Let a(p) = -3*p - 1. Give a(1).
-4
Let t(r) = r**3 + 23*r**2 + 41*r - 16. Determine t(-21).
5
Let w(c) = -c**3 + 16*c**2 - 16*c + 17. Calculate w(15).
2
Let r(v) = -v**3 - 20*v**2 + 19*v - 39. Determine r(-21).
3
Let l(t) = -t**3 - 4*t**2 - 4*t - 2. Give l(-5).
43
Let x(z) = -z**3 - z**2 - 6. Give x(0).
-6
Let j(d) = -d + 4. Calculate j(-1).
5
Let w(j) = 6*j + 150. Calculate w(-24).
6
Let n(a) = -4*a + 46. What is n(11)?
2
Let i(u) = 2*u - 11. What is i(6)?
1
Let t(j) = -2*j**2 + j + 2. Calculate t(2).
-4
Let y(b) = -b**3 + 17*b**2 - 17*b + 30. Determine y(15).
225
Let t(v) = -v. Calculate t(-8).
8
Let b(n) = -n**3 - 19*n**2 - 35*n - 16. What is b(-17)?
1
Let s(t) = 2*t**2 + 6. Give s(0).
6
Let k(c) = -c**3 - 2*c + 6. Give k(3).
-27
Let j(a) = -a**2 + 9*a - 2. Determine j(8).
6
Let c(t) = -8*t**3 + 2*t**2 - 2*t - 2. Give c(-2).
74
Let p(m) = -m**2 - 29*m + 2. Determine p(-29).
2
Let d(r) = -4*r**3 - r**2 + 2*r + 1. Determine d(-2).
25
Let m(z) = 13*z - 2. Give m(1).
11
Let h(k) = -7*k - 8. Calculate h(-4).
20
Let r(u) = -u**3 + 8*u**2 + 6*u + 17. What is r(9)?
-10
Let o(l) = -l**3 - 15*l**2 - 25*l + 22. Determine o(-13).
9
Let x(z) = -z**3 - 6*z**2 + 3*z + 11. Calculate x(-6).
-7
Let b(a) = -2*a**3 - 11*a**2 - 11*a + 7. What is b(-6)?
109
Let z(m) = m**2 + 8*m + 2. Give z(-8).
2
Let r(d) = -33*d - 498. Calculate r(-15).
-3
Let d(v) = v**3 - 6*v**2 + v. Determine d(4).
-28
Let c(l) = l**2 + l + 28. Determine c(6).
70
Let o(z) = z**3 - 4*z**2 - 4*z - 11. Determine o(5).
-6
Let c(b) = -b**2 + 9*b + 6. Determine c(10).
-4
Let q(m) = 3*m - 8. Calculate q(6).
10
Let k(x) = -x**2 + 8*x - 9. Determine k(9).
-18
Let p(v) = v**3 + 2*v**2 + 2*v + 14. Determine p(-3).
-1
Let n(t) = t**2 - 42*t + 332. Determine n(11).
-9
Let o(p) = 6*p + 25. Calculate o(-13).
-53
Let i(u) = -u**2 + 13. Determine i(-3).
4
Let m(y) = 4*y - 87. What is m(23)?
5
Let t(q) = -5*q**3 + q**2 - q - 1. Determine t(-1).
6
Let l(z) = z**3 - 7*z**2 - 7*z + 3. Calculate l(8).
11
Let m(r) = r**2 + 16*r - 12. Give m(-19).
45
Let z(q) = -21*q - 167. What is z(-8)?
1
Let s(a) = a**3 + 7*a**2 + 5*a - 12. Give s(-6).
-6
Let u(h) = -6*h - 68. Calculate u(-15).
22
Let t(y) = 2*y + 8. Determine t(-9).
-10
Let k(j) = j**3 + 5*j**2 - 11*j + 9. Calculate k(-7).
-12
Let w(t) = -t**3 - t**2 + 7*t + 8. Calculate w(-4).
28
Let d(q) = q**2 - q - 22. What is d(0)?
-22
Let f(w) = w**2 - 10*w + 25. Give f(10).
25
Let k(u) = -7*u**2 - 4*u + 1. What is k(-2)?
-19
Let l(m) = -m**3 - 19*m**2 + 25*m + 72. Determine l(-20).
-28
Let y(x) = x**2 - 23*x + 85. What is y(19)?
9
Let w(j) = j**3 + 31*j**2 + 5*j + 145. Determine w(-31).
-10
Let g(i) = i**3 + 7*i**2 - 9*i - 9. What is g(-8)?
-1
Let r(g) = 7*g - 37. Determine r(3).
-16
Let b(z) = -31*z + 45. What is b(1)?
14
Let d(b) = b**2 - 4*b - 3. Give d(-2).
9
Let c(y) = y**3 - 3*y**2 + y - 1. What is c(3)?
2
Let m(g) = g**3 - 6*g**2 + 12*g - 21. Give m(3).
-12
Let d(g) = -5*g + 13. Calculate d(9).
-32
Let d(v) = 2*v**2 + 4*v. Give d(-3).
6
Let d(x) = -6*x + 129. Determine d(23).
-9
Let w(x) = 7*x - 24. Give w(2).
-10
Let i(z) = -40*z**2 - 3*z - 1. What is i(-2)?
-155
Let u(g) = -11*g**2 + 3*g. Give u(-1).
-14
Let y(q) = 3*q**3 - 22*q**2 + 2*q + 16. Calculate y(7).
-19
Let y(g) = -g**3 + 12*g**2 - 7*g - 23. Give y(11).
21
Let i(r) = r**2 - 7*r - 13. Give i(10).
17
Let v(g) = -g**2 - 5*g - 5. Determine v(-4).
-1
Let c(q) = -3*q + 146. Calculate c(49).
-1
Let t(m) = m**2 - 39*m + 316. Give t(11).
8
Let s(y) = -19*y + 30. Determine s(6).
-84
Let o(i) = -i**3 + 17*i**2 - 59*i - 14. What is o(12)?
-2
Let p(b) = -b - 4. Calculate p(-10).
6
Let s(r) = -r**3 + 7*r**2 - 4*r - 6. Calculate s(6).
6
Let u(x) = x**2 + 15*x - 11. Calculate u(-16).
5
Let l(a) = -35*a + 214. What is l(6)?
4
Let g(x) = x**2 + 20*x + 81. Give g(-11).
-18
Let o(t) = 3*t + 50. Calculate o(-11).
17
Let h(j) = -6*j. Determine h(2).
-12
Let p(n) = -13*n + 18. Calculate p(1).
5
Let a(s) = -11*s + 13. Determine a(6).
-53
Let p(y) = 2*y + 9. Give p(3).
15
Let o(m) = m**3 + 10*m**2 - m - 8. Determine o(-10).
2
Let y(s) = -91*s**2 - 3*s. Determine y(-1).
-88
Let l(d) = -22*d**2 + d - 1. What is l(1)?
-22
Let q(c) = c**3 + 5*c**2 + c + 4. Determine q(-5).
-1
Let x(b) = -b**2 + 9*b + 7. Give x(8).
15
Let u(l) = l**2 + 4*l - 19. Give u(-7).
2
Let c(r) = -r**2 + 12*r - 34. Give c(4).
-2
Let r(l) = 7*l + 90. What is r(-14)?
-8
Let q(i) = 3*i + 11. Determine q(-6).
-7
Let d(h) = -h**3 - 5*h**2 - 4*h - 4. What is d(-4)?
-4
Let s(j) = j**2 - 2*j + 5. What is s(4)?
13
Let b(h) = h**3 + 3*h**2 - 6*h. Give b(-5).
-20
Let c(f) = f**2 - 27. Determine c(5).
-2
Let t(p) = -p**3 - 18*p**2 - 16*p + 21. Calculate t(-17).
4
Let m(d) = -d + 25. Give m(11).
14
Let q(k) = 3*k**2 + 22*k + 9. What is q(-8)?
25
Let c(q) = q**3 - 3*q**2 - 4. Determine c(5).
46
Let u(q) = 2*q + 12. What is u(-10)?
-8
Let n(a) = -a**3 + 6*a**2 + 11*a - 15. Give n(7).
13
Let j(z) = 6*z**3 - 3*z**2 + 7*z - 5. Determine j(2).
45
Let t(o) = o**3 - 3*o**2 - 2*o + 1. Determine t(2).
-7
Let j(c) = -2*c**2 - 21*c - 51. Give j(-6).
3
Let k(x) = 3*x**2 + 2*x - 2. What is k(4)?
54
Let o(z) = -2*z**2 - 13*z + 23. Calculate o(-7).
16
Let k(i) = -i**3 - 5*i**2 - 6*i - 5. What is k(-4)?
3
Let g(a) = -60*a + 1. Give g(-1).
61
Let m(v) = -v**2 - 21*v - 109. Determine m(-11).
1
Let k(f) = 7*f**3 - 3*f**2 - 5*f + 6. Calculate k(2).
40
Let j(y) = 2*y**2 + 10*y + 9. Determine j(-4).
1
Let o(b) = -2*b + 7. Give o(3).
1
Let o(d) = -d**3 - 4*d**2 + 6*d - 1. What is o(-5)?
-6
Let a(u) = u**2 + 42*u - 44. What is a(-43)?
-1
Let y(b) = 3*b + 22. Determine y(-9).
-5
Let m(i) = 3*i + 80. Give m(-30).
-10
Let o(b) = -5*b + 9. Determine o(8).
-31
Let u(m) = -m**3 - 23*m**2 + 24*m - 46. Determine u(-24).
-46
Let z(d) = -5*d + 12. Calculate z(5).
-13
Let t(g) = 2*g**2 - g + 1. Give t(1).
2
Let h(x) = x - 5. What is h(10)?
5
Let u(s) = s**2 - 2*s - 7. What is u(5)?
8
Let g(r) = -4*r - 16. Calculate g(0).
-16
Let w(p) = -3*p**2 + 6*p + 8. Give w(-4).
-64
Let g(s) = -2*s**2 + 31*s + 1. Determine g(15).
16
Let a(n) = 3*n + 15. Determine a(-15).
-30
Let h(m) = 21*m**2 - m - 1. Calculate h(-1).
21
Let j(o) = 2*o**2 + o + 2